{"id":11,"date":"2026-04-08T13:11:01","date_gmt":"2026-04-08T13:11:01","guid":{"rendered":"https:\/\/brikar.net\/boutique\/?page_id=11"},"modified":"2026-04-13T14:24:36","modified_gmt":"2026-04-13T14:24:36","slug":"retour-et-echange","status":"publish","type":"page","link":"https:\/\/brikar.net\/boutique\/retour-et-echange\/","title":{"rendered":"Retour et \u00e9change"},"content":{"rendered":"<div class=\"et_pb_section_0 et_pb_section et_section_regular et_block_section\">\n<div class=\"et_pb_row_0 et_pb_row et_block_row\">\n<div class=\"et_pb_column_0 et_pb_column et_pb_column_4_4 et-last-child et_block_column et_pb_css_mix_blend_mode_passthrough\">\n<div class=\"et_pb_text_0 et_pb_text et_pb_bg_layout_light et_pb_module et_block_module preset--module--divi-text--default\"><div class=\"et_pb_text_inner\"><p><!-- wp:heading --><\/p>\n<h3>Politique de Non-Remboursement et Non-\u00c9change<\/h3>\n<p><!-- \/wp:heading --><\/p>\n<p><!-- wp:paragraph --><\/p>\n<p><span>Chez Brikar.net, nous nous effor\u00e7ons de fournir des produits de la plus haute qualit\u00e9 et personnalis\u00e9s selon vos sp\u00e9cifications uniques. Afin de maintenir ce niveau de service personnalis\u00e9, nous avons \u00e9tabli la politique suivante concernant les produits personnalis\u00e9s :<\/span><\/p>\n<p>1. <strong>Non-Remboursement<\/strong> :<\/p>\n<ul>\n<li><span>Les produits personnalis\u00e9s, une fois command\u00e9s, ne sont pas \u00e9ligibles pour un remboursement. Chaque produit est cr\u00e9\u00e9 sp\u00e9cialement pour vous et ne peut \u00eatre revendu ou r\u00e9utilis\u00e9.<\/span><\/li>\n<\/ul>\n<p><span>2- <strong>Non-\u00c9change<\/strong> :<\/span><\/p>\n<ul>\n<li><span>Les produits personnalis\u00e9s ne peuvent pas \u00eatre \u00e9chang\u00e9s. Une fois que la personnalisation a \u00e9t\u00e9 effectu\u00e9e, le produit ne peut \u00eatre modifi\u00e9 ni remplac\u00e9 par un autre.<\/span><\/li>\n<\/ul>\n<p><span>3-<strong> Exemptions<\/strong> :<\/span><\/p>\n<ul>\n<li><span>Si un produit personnalis\u00e9 pr\u00e9sente un d\u00e9faut de fabrication ou une erreur de notre part dans la personnalisation, veuillez nous contacter imm\u00e9diatement pour discuter des options possibles. Nous nous engageons \u00e0 rectifier toute erreur qui serait de notre responsabilit\u00e9.<\/span><\/li>\n<li><span>En cas de remboursement:<br \/>Le client \u00e0 la responsabilit\u00e9 de s\u2019assurer que l\u2019article soit emball\u00e9 de fa\u00e7on s\u00e9curitaire afin d\u2019\u00e9viter qu\u2019il ne soit endommag\u00e9 lors du transport. Les frais de port et manutention sont la responsabilit\u00e9 du client pour les retours de marchandise.Tous les frais de livraison, d\u2019exp\u00e9dition et de manutention (sauf en cas d\u2019erreur lors de l\u2019exp\u00e9dition de votre commande de notre part ) ne sont pas remboursables. Tout retour de produit doit avoir une autorisation de retour de marchandise de la part de Brikar.net<br \/>Note : Les produits personnalis\u00e9s ne sont non remboursables,\u00a0 si l\u2019item arriverais endommag\u00e9\u00a0 communiquer avec nous avec une preuve (photo) et facture.<\/span><\/li>\n<li><span>\u00a0Le client accepte de payer tous les frais d\u2019exp\u00e9dition et d\u2019assurance pour tous les risques de pertes durant le retour du produit. Si un des composants du produit retourn\u00e9 est manquant, la proc\u00e9dure de retour ne sera pas applicable. Brikar.net aura le droit de refuser si il le juge n\u00e9cessaire de ne pas rembours\u00e9 le client. Veuillez inclure dans votre envoi une copie de votre facture.<\/span><\/li>\n<\/ul>\n<p><span>4-<strong> Responsabilit\u00e9 du Client<\/strong> :<\/span><\/p>\n<ul>\n<li><span>Il est de la responsabilit\u00e9 du client de fournir les d\u00e9tails de personnalisation corrects. Nous vous encourageons \u00e0 v\u00e9rifier attentivement toutes les informations avant de finaliser votre commande.\u00a0<\/span><\/li>\n<li>\n<p>Toutefois, nous tenons \u00e0 vous informer que la correction de texte n\u2019est pas incluse dans nos services. Il est de la responsabilit\u00e9 de chaque client de s\u2019assurer que le texte fourni est correct et exempt d\u2019erreurs.<\/p>\n<p>Nous vous recommandons de v\u00e9rifier attentivement vos textes avant de nous les soumettre pour traitement. Cela permettra d\u2019\u00e9viter toute confusion ou malentendu et de garantir que le produit final r\u00e9pond \u00e0 vos attentes.<\/p>\n<\/li>\n<\/ul>\n<p>5-<strong> Contact<\/strong> :<\/p>\n<p><span>Pour toute question ou pr\u00e9occupation concernant notre politique, vous pouvez nous contacter \u00e0 l\u2019adresse suivante: <\/span><a href=\"mailto:commande@brikar%C2%AD.net\">commande@brikar\u00ad.net<\/a><\/p>\n<p>450 676-0298<\/p>\n<p><span>En passant une commande de produits personnalis\u00e9s chez Brikar.net, vous acceptez cette politique de non-remboursement et non-\u00e9change.<\/span><\/p>\n<p><span>Nous vous remercions de votre compr\u00e9hension et de votre confiance en nos services.<\/span><\/p>\n<p><span><\/span><\/p>\n<p><!-- \/wp:paragraph --><\/p>\n<\/div><\/div>\n<\/div>\n<\/div>\n<\/div>","protected":false},"excerpt":{"rendered":"","protected":false},"author":1,"featured_media":0,"parent":0,"menu_order":0,"comment_status":"closed","ping_status":"closed","template":"","meta":{"footnotes":""},"class_list":["post-11","page","type-page","status-publish","hentry"],"yoast_head":"<!-- This site is optimized with the Yoast SEO plugin v27.4 - https:\/\/yoast.com\/product\/yoast-seo-wordpress\/ -->\n<title>Retour et \u00e9change - Brikar.net<\/title>\n<meta name=\"robots\" content=\"index, follow, max-snippet:-1, max-image-preview:large, max-video-preview:-1\" \/>\n<link rel=\"canonical\" href=\"https:\/\/brikar.net\/boutique\/retour-et-echange\/\" \/>\n<meta property=\"og:locale\" content=\"fr_FR\" \/>\n<meta property=\"og:type\" content=\"article\" \/>\n<meta property=\"og:title\" content=\"Retour et \u00e9change - Brikar.net\" \/>\n<meta property=\"og:url\" content=\"https:\/\/brikar.net\/boutique\/retour-et-echange\/\" \/>\n<meta property=\"og:site_name\" content=\"Brikar.net\" \/>\n<meta property=\"article:publisher\" content=\"https:\/\/www.facebook.com\/BrikarArtisans\" \/>\n<meta property=\"article:modified_time\" content=\"2026-04-13T14:24:36+00:00\" \/>\n<meta property=\"og:image\" content=\"https:\/\/brikar.net\/boutique\/wp-content\/uploads\/2026\/04\/logo-brikar200.png\" \/>\n\t<meta property=\"og:image:width\" content=\"200\" \/>\n\t<meta property=\"og:image:height\" content=\"168\" \/>\n\t<meta property=\"og:image:type\" content=\"image\/png\" \/>\n<meta name=\"twitter:card\" content=\"summary_large_image\" \/>\n<script type=\"application\/ld+json\" class=\"yoast-schema-graph\">{\"@context\":\"https:\\\/\\\/schema.org\",\"@graph\":[{\"@type\":\"WebPage\",\"@id\":\"https:\\\/\\\/brikar.net\\\/boutique\\\/retour-et-echange\\\/\",\"url\":\"https:\\\/\\\/brikar.net\\\/boutique\\\/retour-et-echange\\\/\",\"name\":\"Retour et \u00e9change - Brikar.net\",\"isPartOf\":{\"@id\":\"https:\\\/\\\/brikar.net\\\/boutique\\\/#website\"},\"datePublished\":\"2026-04-08T13:11:01+00:00\",\"dateModified\":\"2026-04-13T14:24:36+00:00\",\"breadcrumb\":{\"@id\":\"https:\\\/\\\/brikar.net\\\/boutique\\\/retour-et-echange\\\/#breadcrumb\"},\"inLanguage\":\"fr-FR\",\"potentialAction\":[{\"@type\":\"ReadAction\",\"target\":[\"https:\\\/\\\/brikar.net\\\/boutique\\\/retour-et-echange\\\/\"]}]},{\"@type\":\"BreadcrumbList\",\"@id\":\"https:\\\/\\\/brikar.net\\\/boutique\\\/retour-et-echange\\\/#breadcrumb\",\"itemListElement\":[{\"@type\":\"ListItem\",\"position\":1,\"name\":\"Accueil\",\"item\":\"https:\\\/\\\/brikar.net\\\/boutique\\\/\"},{\"@type\":\"ListItem\",\"position\":2,\"name\":\"Retour et \u00e9change\"}]},{\"@type\":\"WebSite\",\"@id\":\"https:\\\/\\\/brikar.net\\\/boutique\\\/#website\",\"url\":\"https:\\\/\\\/brikar.net\\\/boutique\\\/\",\"name\":\"Brikar.net\",\"description\":\"\",\"publisher\":{\"@id\":\"https:\\\/\\\/brikar.net\\\/boutique\\\/#organization\"},\"potentialAction\":[{\"@type\":\"SearchAction\",\"target\":{\"@type\":\"EntryPoint\",\"urlTemplate\":\"https:\\\/\\\/brikar.net\\\/boutique\\\/?s={search_term_string}\"},\"query-input\":{\"@type\":\"PropertyValueSpecification\",\"valueRequired\":true,\"valueName\":\"search_term_string\"}}],\"inLanguage\":\"fr-FR\"},{\"@type\":\"Organization\",\"@id\":\"https:\\\/\\\/brikar.net\\\/boutique\\\/#organization\",\"name\":\"Brikar.net\",\"url\":\"https:\\\/\\\/brikar.net\\\/boutique\\\/\",\"logo\":{\"@type\":\"ImageObject\",\"inLanguage\":\"fr-FR\",\"@id\":\"https:\\\/\\\/brikar.net\\\/boutique\\\/#\\\/schema\\\/logo\\\/image\\\/\",\"url\":\"https:\\\/\\\/brikar.net\\\/boutique\\\/wp-content\\\/uploads\\\/2026\\\/04\\\/logo-brikar200.png\",\"contentUrl\":\"https:\\\/\\\/brikar.net\\\/boutique\\\/wp-content\\\/uploads\\\/2026\\\/04\\\/logo-brikar200.png\",\"width\":200,\"height\":168,\"caption\":\"Brikar.net\"},\"image\":{\"@id\":\"https:\\\/\\\/brikar.net\\\/boutique\\\/#\\\/schema\\\/logo\\\/image\\\/\"},\"sameAs\":[\"https:\\\/\\\/www.facebook.com\\\/BrikarArtisans\"]}]}<\/script>\n<!-- \/ Yoast SEO plugin. -->","yoast_head_json":{"title":"Retour et \u00e9change - Brikar.net","robots":{"index":"index","follow":"follow","max-snippet":"max-snippet:-1","max-image-preview":"max-image-preview:large","max-video-preview":"max-video-preview:-1"},"canonical":"https:\/\/brikar.net\/boutique\/retour-et-echange\/","og_locale":"fr_FR","og_type":"article","og_title":"Retour et \u00e9change - Brikar.net","og_url":"https:\/\/brikar.net\/boutique\/retour-et-echange\/","og_site_name":"Brikar.net","article_publisher":"https:\/\/www.facebook.com\/BrikarArtisans","article_modified_time":"2026-04-13T14:24:36+00:00","og_image":[{"width":200,"height":168,"url":"https:\/\/brikar.net\/boutique\/wp-content\/uploads\/2026\/04\/logo-brikar200.png","type":"image\/png"}],"twitter_card":"summary_large_image","schema":{"@context":"https:\/\/schema.org","@graph":[{"@type":"WebPage","@id":"https:\/\/brikar.net\/boutique\/retour-et-echange\/","url":"https:\/\/brikar.net\/boutique\/retour-et-echange\/","name":"Retour et \u00e9change - Brikar.net","isPartOf":{"@id":"https:\/\/brikar.net\/boutique\/#website"},"datePublished":"2026-04-08T13:11:01+00:00","dateModified":"2026-04-13T14:24:36+00:00","breadcrumb":{"@id":"https:\/\/brikar.net\/boutique\/retour-et-echange\/#breadcrumb"},"inLanguage":"fr-FR","potentialAction":[{"@type":"ReadAction","target":["https:\/\/brikar.net\/boutique\/retour-et-echange\/"]}]},{"@type":"BreadcrumbList","@id":"https:\/\/brikar.net\/boutique\/retour-et-echange\/#breadcrumb","itemListElement":[{"@type":"ListItem","position":1,"name":"Accueil","item":"https:\/\/brikar.net\/boutique\/"},{"@type":"ListItem","position":2,"name":"Retour et \u00e9change"}]},{"@type":"WebSite","@id":"https:\/\/brikar.net\/boutique\/#website","url":"https:\/\/brikar.net\/boutique\/","name":"Brikar.net","description":"","publisher":{"@id":"https:\/\/brikar.net\/boutique\/#organization"},"potentialAction":[{"@type":"SearchAction","target":{"@type":"EntryPoint","urlTemplate":"https:\/\/brikar.net\/boutique\/?s={search_term_string}"},"query-input":{"@type":"PropertyValueSpecification","valueRequired":true,"valueName":"search_term_string"}}],"inLanguage":"fr-FR"},{"@type":"Organization","@id":"https:\/\/brikar.net\/boutique\/#organization","name":"Brikar.net","url":"https:\/\/brikar.net\/boutique\/","logo":{"@type":"ImageObject","inLanguage":"fr-FR","@id":"https:\/\/brikar.net\/boutique\/#\/schema\/logo\/image\/","url":"https:\/\/brikar.net\/boutique\/wp-content\/uploads\/2026\/04\/logo-brikar200.png","contentUrl":"https:\/\/brikar.net\/boutique\/wp-content\/uploads\/2026\/04\/logo-brikar200.png","width":200,"height":168,"caption":"Brikar.net"},"image":{"@id":"https:\/\/brikar.net\/boutique\/#\/schema\/logo\/image\/"},"sameAs":["https:\/\/www.facebook.com\/BrikarArtisans"]}]}},"jetpack_sharing_enabled":true,"_links":{"self":[{"href":"https:\/\/brikar.net\/boutique\/wp-json\/wp\/v2\/pages\/11","targetHints":{"allow":["GET"]}}],"collection":[{"href":"https:\/\/brikar.net\/boutique\/wp-json\/wp\/v2\/pages"}],"about":[{"href":"https:\/\/brikar.net\/boutique\/wp-json\/wp\/v2\/types\/page"}],"author":[{"embeddable":true,"href":"https:\/\/brikar.net\/boutique\/wp-json\/wp\/v2\/users\/1"}],"replies":[{"embeddable":true,"href":"https:\/\/brikar.net\/boutique\/wp-json\/wp\/v2\/comments?post=11"}],"version-history":[{"count":2,"href":"https:\/\/brikar.net\/boutique\/wp-json\/wp\/v2\/pages\/11\/revisions"}],"predecessor-version":[{"id":471,"href":"https:\/\/brikar.net\/boutique\/wp-json\/wp\/v2\/pages\/11\/revisions\/471"}],"wp:attachment":[{"href":"https:\/\/brikar.net\/boutique\/wp-json\/wp\/v2\/media?parent=11"}],"curies":[{"name":"wp","href":"https:\/\/api.w.org\/{rel}","templated":true}]}}